e the remainder when w is divided by 21.
20
Let p(q) = -q**3 + 6*q**2 + 9*q - 11. Let n be p(8). Let m = n + 95. Calculate the remainder when m is divided by 2/(-1)*(0 + 2) + 19.
13
Let d = 31 + -12. Let j = -6045 + 6051. What is the remainder when d is divided by j?
1
Suppose -3 + 8 = -z, -2*x - 4*z = -210. Let y = x - 94. Calculate the remainder when y is divided by 6.
3
Suppose 16 = 5*t - 3*t. Suppose -5 = t*y - 373. What is the remainder when 137 is divided by y?
45
Suppose 0 = 9*g + 94*g - 3914. What is the remainder when 280 is divided by g?
14
Suppose 0 = 7*b + 833 - 6769. What is the remainder when b is divided by 122?
116
Let b = 38 - 33. Let u(i) = -2 - 2 - b*i + 15*i - 1. Calculate the remainder when 44 is divided by u(2).
14
Let r = 7 + -7. Suppose r = w - 5*x + 7*x - 12, 5*w - 2*x - 60 = 0. Suppose 2*s + 6 = 76. What is the remainder when s is divided by w?
11
Calculate the remainder when 76 is divided by (14/(-4) - -2) + 387/18.
16
Suppose 78*t = 79*t - 8. Suppose -l = -t*l + 35. What is the remainder when 18 is divided by l?
3
Let k be (0 + 3)*42/9. Let d = k - 4. What is the remainder when d is divided by 4?
2
Let k be 4/((-12)/(-111)) - -3. Let q = k - 38. What is the remainder when 6 is divided by q?
0
Suppose -3*w = -2*u - 66, -4*u - 87 = -5*w + 25. Calculate the remainder when (-1)/(((-1)/5)/(342/(-135)*-3)) is divided by w.
18
Let i be 362/(-8) + (-1)/(-4). Let y = -27 - i. Calculate the remainder when 67 is divided by y.
13
Let d = 185 + -59. Suppose 13*k - 36 = 29. Suppose -4*m - 4*h = -d - 18, -15 = k*h. Calculate the remainder when m is divided by 14.
11
Suppose 2*d = -13*d + 300. What is the remainder when 140 is divided by d?
0
Suppose k - 4 = 0, 0 = -f - 2*k + 112 + 45. What is the remainder when f is divided by 52?
45
What is the remainder when -1852*(-3)/12*3 is divided by 16?
13
Let f = 77 - 56. What is the remainder when 72 is divided by f?
9
Let y be (27/12)/((-6)/(-16)). Suppose -q + 3*h - y*h = -35, -4*h - 50 = -2*q. What is the remainder when q is divided by 16?
13
Suppose -3*t = 0, -t - 24 = 3*a - 9. Let v(o) = o + 9. Calculate the remainder when v(a) is divided by 3.
1
Suppose -87*y + 109 = -84*y - l, y - 13 = 5*l. Let b = -13 - -26. Let v = b + -3. What is the remainder when y is divided by v?
8
Suppose -136 = -5*i - 116. What is the remainder when 361 is divided by i?
1
Suppose 0 = -3*y + t + 191 - 12, -293 = -5*y + 3*t. Let x = -4523 - -4545. Calculate the remainder when y is divided by x.
17
Let d(b) = 2*b + 15. Let i be 1 - -4*(-3)/(-6). What is the remainder when d(i) is divided by 11?
10
Suppose 2*r - 32*o - 1464 = -30*o, -5*r - o + 3678 = 0. Calculate the remainder when r is divided by 242.
9
Calculate the remainder when 40 is divided by -10 + 14 + 14/2.
7
Suppose 3*o = o + 6. Calculate the remainder when 124/6 - (-5)/15 is divided by o.
0
Calculate the remainder when 1/2*(-60)/(6/(-2)) is divided by 4.
2
Let t be (-4 + 3)/((-1)/118). Suppose -t*k + 122*k = 32. Calculate the remainder when k is divided by 8.
0
Let t be 385/4 - (-3)/(-12). Suppose -9*i - t = -12*i. What is the remainder when 93 is divided by i?
29
Suppose -5*f + 64 = -2*t, 4*t - 4 = -f - 0*f. Suppose g - 15 = -2*l - 2*l, 0 = 2*g - 4*l - 54. Calculate the remainder when g is divided by f.
11
Let m = -114 - -161. What is the remainder when 187 is divided by m?
46
Let d(g) = -g - 9. Let y be d(0). Let k(b) = 9 - 19 + 12 - 4*b. Calculate the remainder when k(y) is divided by 13.
12
What is the remainder when 241 is divided by (2/(-1) + (-30)/(-20))*-54?
25
Suppose -6 = -3*o + 15. Let k be (1 - o)*(-8)/(-3). Let l = 27 + k. Calculate the remainder when l is divided by 4.
3
Let j(v) be the third derivative of v**5/15 + v**4/12 - v**3/3 + 4*v**2. Calculate the remainder when 29 is divided by j(-2).
9
Let z be (12/(-54) + (-28)/(-45))*10. Suppose z*k - 39 - 61 = 0. What is the remainder when k is divided by 6?
1
Let t(j) = 15*j**3 + 2*j - 8. What is the remainder when t(3) is divided by 103?
94
Let t(x) = -x**2 + 3*x + 9. Let i be t(-2). What is the remainder when (i - -3)/((-1)/22*-1) is divided by 12?
8
Suppose 4*d = -3*r + 51, -r + 3*d + 2 = -2. Let t = -92 - -167. What is the remainder when t is divided by r?
10
Let p = 74 - 45. Suppose 2*v = 5*o - p, 0 = -3*o + 15 - 0. What is the remainder when 42 is divided by 2 - (6/v + -4)?
6
Suppose -14*g + m + 5 = -13*g, 0 = -3*g + m + 23. Calculate the remainder when g is divided by 3.
0
Let u be ((-328)/4 - 1) + 4. Let i = u + 121. What is the remainder when i is divided by 22?
20
Let k(q) be the first derivative of 13*q**2/2 - 31*q - 3. What is the remainder when 28 is divided by k(3)?
4
Suppose -149*g + 2552 = -120*g. What is the remainder when 149 is divided by g?
61
Let o(b) = 22*b - 240. Let m be o(11). Let v be -2*(-1 - (-1)/(-2)). Suppose v*f - m*f - 45 = 0. Calculate the remainder when f is divided by 16.
13
Let y(m) = 2*m**2 - 6*m - 3. Suppose -d + 10 = 4*d. Suppose 2*a - 3*q - 75 = -2*a, d*a + 3*q - 33 = 0. Calculate the remainder when y(7) is divided by a.
17
Calculate the remainder when 472 is divided by (3 - -1)*(-10 - (-627)/44).
13
Suppose i - 3*i + 32 = 0. Suppose 2*w + 20 = 6*w. Suppose 3*o - 2*o + w*d = 4, -73 = -2*o + 3*d. Calculate the remainder when o is divided by i.
13
Let l(a) be the third derivative of a**5/60 - a**4/12 - a**3/3 - a**2. What is the remainder when 40 is divided by l(-4)?
18
Calculate the remainder when 286 is divided by (-2 - 1) + (-63)/14*-6.
22
Let s = -142 - -205. Calculate the remainder when s is divided by 28.
7
Let m(t) = -12*t**3 - 4*t**2 - 4*t - 8. Calculate the remainder when 317 is divided by m(-2).
77
Let z(l) = 2*l**2 + 49*l + 76. Calculate the remainder when z(-26) is divided by 10.
4
Suppose -2*u + 1729 - 1593 = 0. What is the remainder when u is divided by 49?
19
Let q = -2 + 6. Suppose 0 = -5*x + 5*b + 220, 166 = q*x - 0*b + b. Let f = x - 21. What is the remainder when f is divided by 12?
9
Let u = 1455 - 1331. Calculate the remainder when u is divided by 14.
12
Suppose -60 = -3*c - 2*c - 5*m, 2*m = -4. Suppose -2*w = -0*w - 76. Calculate the remainder when w is divided by c.
10
Suppose -5*o + 501 = 2*l, o + 3*o + 5*l - 411 = 0. What is the remainder when o is divided by 25?
24
Suppose 5*n - 103 = -u, 3*n = -2*u - n + 194. What is the remainder when 1206 is divided by u?
90
Suppose -16*o = -15*o + 176. Calculate the remainder when 4/(-20) - o/5 is divided by 19.
16
Let p = 118 + -105. What is the remainder when 244 is divided by p?
10
Suppose -r - 7 = 3*j, -2*j + 0*r + 6 = -2*r. What is the remainder when 49 is divided by (-100)/(-8) + j/(-2)?
10
Let u = -49 - -51. Suppose 2*t + 12 = u*l, -2*l - 3*t - 38 = -7*l. What is the remainder when 37 is divided by l?
7
Suppose 0 = 5*o - 4*o + 4*b - 14, -4*o - 2*b + 84 = 0. Let i = o - 44. Let y = i + 44. Calculate the remainder when y is divided by 8.
6
Suppose -2*q + n + 50 = 0, 41 + 106 = 5*q + 3*n. Suppose 420 = -t + 5*t. What is the remainder when t is divided by q?
24
Let f(w) = 4*w**2 - 2*w + 15. What is the remainder when f(-4) is divided by 50?
37
Suppose -4*t - 1345 = -9*t. What is the remainder when t is divided by 4?
1
Let s = -6 - -10. Suppose 0 = -4*d + d + 5*n + 90, -2*d + 4*n + 60 = 0. Suppose d*m - 13 = 29*m. Calculate the remainder when m is divided by s.
1
Calculate the remainder when 5065/35 - (-4)/14 is divided by 49.
47
Suppose 45 = -19*v + 20*v + 2*o, -2*o = 4*v - 204. Calculate the remainder when 520 is divided by v.
43
Suppose -82*o = -79*o - 924. What is the remainder when o is divided by 31?
29
Suppose 5*u + 372 = 11*u. Calculate the remainder when 370 is divided by u.
60
Let y(z) be the second derivative of z**4/12 - 3*z**3/2 - 9*z**2/2 - 2*z. Let d be y(9). Let t = d - -26. Calculate the remainder when t is divided by 10.
7
What is the remainder when 75 is divided by (-373)/(-9) + (-28)/63?
34
Suppose 2*n - 6*f = -12*f + 92, 0 = -2*n - 2*f + 80. Suppose 0 = -p + 8 + 11. What is the remainder when n is divided by p?
18
Let s = -41 - -75. What is the remainder when 237 is divided by s?
33
Suppose -1680 = -13*i + 28*i. Let u = -97 - i. What is the remainder when (1 - 1) + (-1 - -29) is divided by u?
13
Suppose -48*k + 43*k = 2*u - 142, 4*u + 5*k - 284 = 0. Calculate 